. Let z be 1*(79 - (-3)/3). Calculate the highest common divisor of z and j.
16
Let j(c) = -c**3 + 9*c**2 + 12*c - 10. Let u be j(10). Let o = u + -6. Calculate the highest common factor of 16 and o.
4
Let l = 137 - 77. Let v be (9 - 6) + (1 - -1). Suppose 5*a - a = -3*p + 93, p = v*a - 121. Calculate the greatest common factor of a and l.
12
Let a be 1*2 - (-40)/4. Let l(c) = c**2 - 6*c + 8. Let y be l(6). What is the highest common divisor of y and a?
4
Suppose -c = c - 48. Suppose l - c = -0*l. Calculate the highest common factor of 6 and l.
6
Suppose -2*a = 157 - 557. Calculate the highest common factor of 25 and a.
25
Suppose -3*l + 20 = -4. Let z(y) = -3*y - 11. Let n be z(-5). Calculate the highest common divisor of l and n.
4
Suppose 3*m + 49 = -14. Let v = m + 30. Calculate the greatest common factor of v and 3.
3
Suppose 5*q = 4*p + 1, -2*p + 1 = -0*q - 3*q. Let w be (78 + -3)*(-1)/q. Let i be (2 - -8)/(14/175). What is the greatest common divisor of w and i?
25
Let a = -64 - -183. What is the greatest common factor of a and 17?
17
Let c be (-3936)/(-36) + 2 + 8/(-6). What is the highest common divisor of 10 and c?
10
Suppose -5*h = g - 31 + 9, 2*h + 4*g = -2. Suppose -h*u = 39 - 119. What is the highest common factor of u and 40?
8
Suppose m = -4*d + 14, 0 = 5*d - d - 4*m - 24. Suppose 107 = -d*q + 611. Let u(t) = 4*t**2 - t. Let w be u(2). What is the greatest common factor of w and q?
14
Let g(n) = -2*n - 10. Let z be g(-10). Calculate the highest common factor of 40 and z.
10
Suppose 0 = 4*b - 121 - 83. Calculate the highest common factor of 17 and b.
17
Let p be (10/1)/((-1)/(-4)). Let i(h) = 5*h + 1. Let m be i(3). What is the highest common divisor of p and m?
8
Suppose 3*y + 4*q + 7534 = 0, 3*q = -4*y - y - 12564. Let p be y/(-21) + 8/28. Calculate the greatest common divisor of 48 and p.
24
Let a(o) = 12*o - 5. Let u be a(10). Let h = u + -45. Calculate the greatest common factor of 10 and h.
10
Let o be (-79)/(-7) - 2/7. Suppose -18 = 4*m - 150. Calculate the greatest common factor of o and m.
11
Let c be 176/18 - (-4)/18. Let w be (-6)/(-9) - (-24)/18. Calculate the highest common factor of w and c.
2
Suppose 2*s - 40 = 2*a - 6*a, 0 = -4*s. What is the highest common divisor of 2 and a?
2
Suppose -4*h - 8 = 40. Let k be h/(-4)*22/1. Calculate the highest common factor of k and 6.
6
Let g(t) = -t**3 + 16*t**2 - 14*t - 10. Let i be g(15). Suppose 0*r - 2*r + 4*v = -44, 3*r - 4*v = 64. What is the greatest common divisor of r and i?
5
Suppose 0*g - g + 1 = 2*i, 5*i = 3*g - 14. Let h be 0 + (3 - g) - -12. Let m = -2 - -8. What is the greatest common divisor of m and h?
6
Let b = -8 - -16. Let w = -226 + 250. What is the greatest common divisor of b and w?
8
Suppose 2*z - 2*t + 32 = -7*t, -3*t = -z + 6. Let c(y) = y + 7. Let f be c(z). What is the highest common factor of f and 11?
1
Let f be (-6)/(-24) + 550/8. Calculate the greatest common divisor of f and 23.
23
Suppose -2*v = -0*v - 8. Let z(d) = 3*d - 4. Let i(u) = -2*u + 4. Let h(w) = 5*i(w) + 4*z(w). Let j be h(6). What is the highest common factor of v and j?
4
Suppose h = -0 - 5. Let d = h + 8. Calculate the highest common factor of d and 1.
1
Suppose -3*g = -839 + 71. Suppose l - g = -l. Calculate the highest common divisor of l and 16.
16
Let u = 224 - 112. Calculate the greatest common factor of 48 and u.
16
Suppose 4*h = -2*f + 349 + 3, 99 = h - 5*f. Suppose -3*z + 2*c = -h - 33, -157 = -4*z - 3*c. Calculate the highest common divisor of 100 and z.
20
Let y be 6/1 - (6 + 6/(-2)). Suppose 1 + 15 = 4*a. Suppose 19 - a = 5*k. What is the greatest common divisor of y and k?
3
Suppose r + 6 - 1 = 0. Let z(c) = c**3 + 5*c**2 - 5*c + 5. Let u be z(r). Calculate the greatest common divisor of 20 and u.
10
Suppose -4*z = -3*d - 490, -3*z - 3*d + 369 = -6*d. Calculate the greatest common factor of z and 22.
11
Suppose -3*k = -5 + 2, k = j - 6. Suppose 4*n + 2 = 3*x, -7*n - 14 = -5*x - 3*n. Let z be 26/4 + 3/x. Calculate the highest common divisor of j and z.
7
Suppose -44 = 3*k - 5*k. Let v(s) = -s + 4*s**2 + 0 + 1 - 2*s**2. Let b be v(-2). What is the greatest common factor of b and k?
11
Suppose s - 5 = -0*s. Suppose -3*h - s*i = -48, 3*h - 73 = -4*i - 22. What is the greatest common divisor of h and 14?
7
Suppose 3*m + 10 = 37. Let a be (-404)/(-8) + 2/4. Suppose -2*i + a = -147. What is the greatest common factor of m and i?
9
Let z = -13 + 31. What is the greatest common divisor of 9 and z?
9
Let z(m) = 7*m - 15. Let g be z(7). What is the greatest common factor of 85 and g?
17
Suppose c = 2*c - 53. Let l = -9 + c. What is the highest common divisor of 4 and l?
4
Suppose -9*p + 352 = 2*p. Let i = 5 + -1. Calculate the greatest common divisor of i and p.
4
Let r(o) = o. Let t be r(-2). Let z be 1*2 + (-74)/t. Let q be 61 + -58 + (-23)/((-1)/1). Calculate the greatest common factor of q and z.
13
Suppose f - 38 = -2*a, -f + 162 = 3*f - 2*a. Suppose 5*y - 2*y - 32 = -2*v, 24 = y + 4*v. Calculate the greatest common divisor of f and y.
8
Suppose b - 203 = -3*y, -4 + 1 = y. Suppose 5*o - 28 - b = 0. What is the highest common factor of 32 and o?
16
Let h be (-11 + 107)*4/3. What is the highest common divisor of h and 16?
16
Let i be -2 - (0 + 3 - 40). Suppose 5*a + 2*x - i = 0, 3*a - 45 + 5 = -5*x. Calculate the greatest common factor of 55 and a.
5
Let q be 14/(-63) - (-3478)/18. Let v = q + -123. What is the highest common factor of 10 and v?
10
Suppose 3*k = k + 330. Calculate the greatest common factor of 15 and k.
15
Suppose 0 = 5*r - 283 - 67. Calculate the greatest common divisor of r and 28.
14
Let r(m) = -6*m + 38. Let q be r(6). Calculate the highest common divisor of 16 and q.
2
Suppose 5*c - c + 8 = 0. Let j = 2 + c. Suppose 2*a + 5*p = 43, a + 0*p + 3*p - 23 = j. What is the greatest common factor of a and 126?
14
Let v be ((-55)/10)/((-1)/2). Let u(p) = -p**3 + 13*p**2 - 5*p - 4. Let g be u(v). Let l = -128 + g. What is the greatest common divisor of 11 and l?
11
Let c(o) = -3*o - 1. Let a be c(4). Let x = -9 - a. Let l be (-1 - 0/2) + 3. Calculate the greatest common factor of l and x.
2
Let k = 190 - 136. Calculate the highest common factor of 18 and k.
18
Let f(h) = -3*h**3 + h**2 + h - 2. Let d be f(-2). What is the highest common divisor of 96 and d?
24
Suppose -5*k - 25 = 0, -5*k = 2*c + 3*c + 10. What is the highest common divisor of 3 and c?
3
Suppose -4*h + 3 + 17 = 0. Let j be -7 + (20/4 - -7). What is the greatest common factor of h and j?
5
Let d be ((-2)/(-2))/((-1)/(-2)). Let b(h) = 10*h - 5. Let s be b(d). What is the greatest common factor of s and 30?
15
Let t be -7 - (1 + 2) - 3. Let c = t + 16. Calculate the highest common divisor of 21 and c.
3
Let g be ((-16)/24)/(1/(-168)). Suppose 0 = 5*b + 4*r - 54, 2*b - 42 = 4*r + 2. What is the greatest common factor of g and b?
14
Suppose 21 = -3*k + 111. Calculate the greatest common factor of 150 and k.
30
Let u = -2 + 4. Let g = 10 - -4. Calculate the greatest common divisor of g and u.
2
Suppose 0 = y + 5, 3*a + 2*y = -y + 21. Let z be (18/(-8))/((-1)/a). What is the highest common factor of 135 and z?
27
Suppose 5*f - 651 = 2*f. Let c = 315 - f. What is the greatest common divisor of c and 14?
14
Let w = -24 + 36. What is the greatest common divisor of 30 and w?
6
Suppose -5*z - 89 = -274. Suppose 0 = 5*s - 25, r + 5*s - z = 8. Let l be r/6 - (-2)/(-6). What is the highest common divisor of 9 and l?
3
Suppose 3*t + 5*k = 366 + 69, 0 = -2*t - 3*k + 290. Suppose -5*m + 5 = -t. What is the greatest common divisor of 75 and m?
15
Let d(s) = s**2 - 6*s + 5. Let h be d(5). Suppose i - 2*q - 94 = h, -2*i + 220 = q + 3*q. Suppose 18 = -4*z + i. Calculate the highest common factor of z and 7.
7
Let u(o) = -o**2 - 6*o - 4. Let k be u(-6). Let d be (k/(-10))/(1/25). What is the greatest common factor of 2 and d?
2
Let d = 12 + -7. Suppose -l + 37 = d. Calculate the highest common factor of 8 and l.
8
Let l(v) = -v**2 + 3*v + 4. Let o be l(3). Suppose -11 = -o*s + 25. Calculate the greatest common factor of 1 and s.
1
Suppose 0 = 2*b + 5 - 7. Let i(g) = -g**3 + 4*g**2 - 2*g - 4. Let z be i(3). Let j be 26 - z/(b/2). Calculate the greatest common divisor of 14 and j.
14
Let c = -65 + 117. What is the gr